 = 0, 3*b - k = -2*q. Is q a composite number?
True
Is (28486/6)/(29/87) prime?
True
Let l(y) = -9*y - 111. Let a be l(-12). Is 385322/(-51)*a/2 a prime number?
False
Suppose 2*c = 2*n + 8, -n - 4*n = 4*c - 25. Suppose -q - i - i + 3577 = 0, -3*q + c*i = -10786. Is q a composite number?
True
Let w be 4*(-6)/8 - -3. Is 5 + -9 - (w + 3)*-1961 prime?
True
Is (876/(-24) + 34)*162956/(-10) composite?
False
Let y(p) = 164*p + 14. Let j be y(8). Suppose -j - 3063 = -7*w. Suppose -i = -4*i + w. Is i a composite number?
True
Suppose -4*l = -11*l - 504. Is (-66)/l*4*447 a composite number?
True
Let h(p) = 30*p + 1. Let m(y) = -y**3 - 2*y**2 + 5*y + 1. Let w be m(4). Let o = -65 - w. Is h(o) a prime number?
False
Suppose 4*l + 1596*j = 1597*j + 142921, 4*j + 142936 = 4*l. Is l a composite number?
False
Let v(x) = -82*x**3 - 2*x - 3. Let h(i) = -83*i**3 - i**2 - 2*i - 3. Let t(g) = 3*h(g) - 2*v(g). Is t(-2) a composite number?
True
Suppose 10 = -2*q - 3*o, -5*o = -4*q - 0*q + 24. Let j be (4*q)/(14/(-7)). Is j*1*1412/(-8) a composite number?
False
Let n = 249 + -241. Let v = n + 101. Is v a prime number?
True
Let g = 38007 + -20734. Is g prime?
False
Let i = 493260 + -320345. Is i a prime number?
False
Suppose -61*c + 78768 = -3836029. Is c a composite number?
True
Let l be (-21)/(-2)*(-64)/(-12). Let u = 61 - l. Suppose 5*w + 32 + 121 = 2*t, u*t - 5*w = 360. Is t composite?
True
Let s be (0 - 0)/((-36)/18). Suppose s = -15*h - 452 - 2743. Let i = 328 - h. Is i a prime number?
True
Let u = -129757 + 201714. Is u a prime number?
False
Let f(h) = -8*h - 44. Let i be f(0). Is (143814/i)/((-6)/4) prime?
True
Suppose 166 = 3*p + c, -45 = -p - c + 13. Suppose 50*f - p*f + 4756 = 0. Is f a prime number?
False
Is (-4)/(28/(-35))*(3 - (-864276)/30) prime?
True
Let w be 2/4 + 135/(-10). Let b = w + 17. Suppose b - 635 = -u. Is u prime?
True
Let t be ((-24)/10)/((-183)/1539640). Suppose -6*d + 10093 = z - 8*d, -2*d = -2*z + t. Is z composite?
False
Suppose i = -m + 19, -m = m - i - 26. Let n be (-5)/m - 10615/(-3). Is 27/(-18)*(n/(-6) - 1) a composite number?
True
Suppose -52 = -7*j + 4. Suppose -j = -41*o + 37*o. Suppose -1038 + 212 = -o*h. Is h composite?
True
Let m(i) = 177*i + 4. Suppose -2*a = 3*a - 2*k - 35, 30 = 5*a - k. Suppose -d + 10 = a. Is m(d) a composite number?
True
Suppose 651*b - 656*b = -5*d - 464715, 4*b + 5*d - 371754 = 0. Is b a composite number?
False
Let q(r) = -12*r**3 - r**2 - 12*r - 78. Is q(-14) a prime number?
False
Let g(b) be the first derivative of 4*b**3/3 + 41*b**2/2 - 46*b + 221. Is g(29) composite?
False
Suppose 0 = -51*c + 81*c - 1205430. Is c a prime number?
False
Suppose -5*o + 160400 = -1223945. Is o a prime number?
True
Let w be 15154/8*1 - 32/128. Let b be (-48 + 4)/(2/(-5)). Suppose w = 3*u - g, -1782 = -3*u - g + b. Is u a prime number?
True
Let z be 1/1*0/49. Is 5 - (z + (6 - 29918)) a prime number?
True
Let p = -114 + 175. Let a = p - 71. Is (-15)/(a/(-2)) + 126 composite?
True
Let u be 12/(-10)*-4371 + 61/(-305). Suppose -17*a = u - 20358. Is a a composite number?
True
Suppose -5*i + t + 14094 = 0, 2*i - 2308 - 3334 = -4*t. Is i composite?
False
Suppose 0 = -334*n - 496*n + 218780530. Is n prime?
True
Suppose j - 336 = -11*j. Let r be (-2)/(-8) - ((-189)/j + 4). Is r*(-4)/28 + 14898/21 a composite number?
False
Is -1 + 12/76*7 - (-1449257398)/2318 composite?
True
Let o(v) = 11*v**2 - 12. Suppose -3*u - 19 = k, 44 = -5*u - k + 13. Let i be (-2 - ((-9)/u - 1))*-2. Is o(i) composite?
False
Let a = 279906 + -157873. Is a a composite number?
False
Let c(j) = -2*j**3 + 158*j**2 - 32*j - 799. Is c(74) a prime number?
True
Let z(u) = -22198*u + 3895. Is z(-16) composite?
False
Suppose 0 = -2782*y + 2807*y - 577825. Is y prime?
False
Is 372712/12*(-141)/(-94) composite?
False
Let b(j) = -2*j**2 + 48*j + 16. Let s be b(20). Suppose 0 = 3*a - 3*t - 1680, 0*a - 2*t + 1100 = 2*a. Let h = a - s. Is h a composite number?
False
Let w(i) = 65959*i + 6010. Is w(13) composite?
True
Let r(m) = m**3 + 7*m**2 + 13*m + 1. Let q be r(-3). Is q + 5 + 26*65 a prime number?
True
Let h = 11 + 31. Suppose -35*f + h*f = 34783. Let u = 9516 - f. Is u a composite number?
False
Let d(o) = o**2 - 18*o + 53. Let h(m) = -m**3 - 6*m**2 - 4*m - 13. Let j be h(-5). Is d(j) composite?
False
Is ((-118)/236)/(2/(-189276)) prime?
False
Let i(m) = 1634*m + 32. Let x be i(2). Let l = x - 1253. Is l a composite number?
True
Let w = -372 + 285. Is 1117/((1/(-3))/(29/w)) a prime number?
True
Let i(w) = 2*w**2 + 5*w. Let u be i(-4). Suppose -2*k - 5*g = k + 18, 2*k - 3*g = -u. Is k/8 + 2540/16 + 0 a prime number?
False
Suppose 33*l + 17 - 182 = 0. Is (-17652)/(-18) + l/(-3) composite?
True
Suppose -13*s + 1266 = -10*s - 4977. Is s a composite number?
False
Let t = 2634894 + -1750655. Is t prime?
False
Let r = 20593 + -1790. Is r composite?
False
Suppose 146826 = 3*t - t - 5*q, 2*t = 4*q + 146822. Is t a composite number?
True
Is 1135161/(-36)*4/(-3) a prime number?
True
Let k(i) = 7*i + 521*i**2 + 184*i**2 - 76*i**2 - 12 - 10 - 93*i**2. Is k(-5) a prime number?
False
Suppose -5*u - c + 15921 = -4*u, 2*c = 4*u - 63708. Is 3/(-18) + u/42 + 0 a composite number?
False
Let c(b) be the third derivative of b**4/6 - 2*b**3 + 16*b**2. Let i be c(4). Is 1959 + (-2 - (6 - i)) + 6 prime?
False
Suppose 29*k - 10*k = 2451. Is 2/6*2 - (-147103)/k composite?
True
Suppose 0 = -o - 3*k + 59742, -2*o - 5*k = -75677 - 43812. Is o composite?
True
Is 16782609/54 - (-57)/(-1026) prime?
True
Suppose -64*d = 13*d - 9495409. Is d prime?
False
Suppose 2*p + 11*m = 12*m - 31051, -m - 62093 = 4*p. Is (-7)/21*9*p/12 a composite number?
False
Suppose -4*b + 6*b + 276 = -2*v, 4*v = 5*b + 654. Is ((-15)/3 - b) + (-2)/1 a prime number?
True
Is -7 - (-13 - (28196 + 11)) composite?
True
Let u(w) = 397*w**2 + 12*w. Let m be u(-3). Suppose -m = -y + 4075. Suppose 4*o + y = 4*g, o + 3*o = 3*g - 5705. Is g a composite number?
False
Suppose -12*n = -162*n + 3118350. Is n a prime number?
True
Let u(t) = -t - 2. Suppose 2*n = 4*n + 3*z + 20, n + 5*z = -24. Let m be u(n). Suppose 0 = -3*h, 0 = i + m*h + 154 - 1121. Is i a composite number?
False
Let v = 231 - 218. Let i(m) = 4*m**2 + 12*m - 23. Is i(v) a composite number?
False
Suppose 11*u = 3710633 + 375438. Is u a composite number?
True
Suppose -13*j - 57*j + 18632395 = 85*j. Is j a prime number?
True
Is 1*7/14 - (-2)/((-8)/(-77202)) prime?
True
Let z = 2915471 - 2070226. Is z a composite number?
True
Suppose 56 = -5*a + 306. Let u = a + -54. Is (-754)/3*6/u a prime number?
False
Let l be (-2 + -4 - -3)/(3/(-5018)). Let x = l + -3131. Let d = -628 + x. Is d prime?
True
Let r(z) = 547*z - 37. Let n be r(23). Let p = 8666 - n. Let v = p - -5571. Is v composite?
False
Let x be 2/17 + (-726)/102 + 6. Is x*(-7)/(-7)*-36037 a composite number?
False
Let t(p) be the second derivative of 47*p**5/12 - p**4/4 - 11*p**3/6 - 12*p. Let q(i) be the second derivative of t(i). Is q(2) a prime number?
False
Let h(b) = 4 - 271*b - 2357*b - 3. Let u be 112/168 - 5/3. Is h(u) composite?
True
Let v(j) = -j + 1. Let g(l) = 2*l + 11. Let b(f) = -g(f) + 2*v(f). Let h be b(-3). Suppose 4*a = h*u + 3910, -2*a + u + 1954 = -u. Is a composite?
True
Let h = 94 + -580. Let d = -2205 - -2762. Let n = d - h. Is n composite?
True
Let f = -68 - -56. Is (-1)/f*-4*-1797 composite?
False
Let z = -146 - -153. Is (0 - -8 - z)/(2/2726) a composite number?
True
Suppose -5*c = i - 4456250, c - 3*c + i + 1782507 = 0. Is c a composite number?
False
Let c be -16 + 676 + -4 + -1 + -1. Let g be 346*(2 + (-39)/(-6)). Suppose -5*d + c = -g. Is d a prime number?
True
Let k(d) = -15*d - 10. Let o(l) = l - 1. Let a(p) = k(p) - 4*o(p). Let j(h) = h. Let m(z) = -a(z) - 2*j(z). Is m(9) composite?
True
Suppose -l + 3*l + 4 = 2*z, -4*z - 3*l + 29 = 0. Suppose -w - z*m + 13768 = -3330, -3*m = -4*w + 68415. Is w composite?
True
Let w(t) = 4*t**2 - 14 + 5*t - 15*t - 8 + 3*t**3 - 4*t**3. Let h be w(9). Is (h/(-3))/(3/9) a prime number?
False
Let d(a) = 46*a**2 - 68*a + 2779. Is d(34) a prime number?
False
Suppose 15*t - 5743530 = -30*t. Is t/91*(-14)/(-4) prime?
True
Is (-1)/(-4)*-1 + 109*175375/92 a composite number?
True
Is (-2019)/(((-36)/2538)/(8/36)) a composite number?
True
Is 112/(-8) + 8 + 24198/1 + 1 com